 - (-3 + (2 + -4 - -13)).
-12
Calculate 4 - 2 - (10 + (13 - 28)).
7
What is the value of -15 + (7 - 0) + -3?
-11
What is the value of (16 - 11 - 3) + -11?
-9
What is the value of -36 - -44 - (6 + -6 + 5)?
3
-16 - (-15 + 24) - -22
-3
8 + (-6 - -12) - -2
16
(153 - 156) + (0 - -35)
32
What is 25 - (5 + (34 - 34))?
20
(-4 + 14 - 4) + (-13 + 30 - 9)
14
Evaluate (3 - (8 + -1)) + 11 + 11 + 0.
18
What is the value of 1 + (-17 + (1 - -2) - (-12 + 9))?
-10
-2 + 9 + 9 + -15
1
What is 24 - ((0 - 4) + (1 - 0) + 10)?
17
What is -15 - (-4 - (8 + 4))?
1
What is the value of 5 - -2 - 0 - 7?
0
Evaluate 1 - (-20 + 5) - (2 + 6 + -8).
16
What is the value of 14 + -2 - (-2 - 0 - (-530 + 488))?
-28
What is -24 - (-13 + -2 + 5) - (-8 - -2)?
-8
What is the value of 5 + (6 - 3) + -8?
0
Evaluate 5 + -9 + (16 - 18).
-6
What is -2 + (-1 - -11 - (5 + -1)) + 2?
6
What is -22 + (1 - 3) - ((6 - -7) + -21)?
-16
Evaluate (14 + -6 - ((4 - 5) + 27)) + 3.
-15
What is -52 - (0 + (-16 - -1) - 3)?
-34
What is the value of (9 - (4 + -2)) + (-23 - -9)?
-7
Evaluate -9 - (2 - 6 - 13) - 7.
1
-6 + (5 - -4 - 1) - -3
5
-7 + (11 + (-4 - 14) - (1 - 0))
-15
What is (15 + -8 - 3) + -17?
-13
What is the value of -5 + -1 - ((19 - 12) + -15)?
2
Calculate 1 + -2 + -1 + 0 + 6.
4
What is the value of (19 + 6 - 19) + 15?
21
What is 2 + (39 - 37 - (-2 - 0))?
6
(-12 - -10) + -2 + -28
-32
-2 - -15 - (9 - (12 - -4)) - 0
20
What is the value of 10 + -4 + 1 + (-42 - -49) + 2?
16
What is -86 + 123 - (33 - 2)?
6
Calculate -2 + (12 - 21) - -38.
27
Evaluate (-21 + 11 - -14 - -11) + 3.
18
4 + (26 - 31) + -17
-18
What is the value of -36 - -60 - (-12 + 49)?
-13
What is the value of (8 + -11 - 14) + (6 - -3)?
-8
0 + 9 + ((-8 - -7) + 4 - 23)
-11
What is the value of -5 + -4 - (11 + (-11 + -37 - -12))?
16
(0 - 4) + 9 + -7 + -11
-13
Evaluate -1 + 0 + 17 + (20 - (-34 + 57)).
13
Calculate 1 + -8 + (-1 - -2 - 6).
-12
What is the value of 15 + -18 - ((2 - 0) + -14)?
9
0 + 5 + (-12 + -16 - 0) - -2
-21
-7 - (-10 + (-1 - 5) + -18 + 10)
17
What is (-3 - (-1 - 15) - 6) + (8 - -1)?
16
Evaluate -61 - -67 - (9 + (-2 - 2)).
1
What is the value of -2 + (4 + -8 - -10)?
4
Calculate 2 - 5 - (-36 + 14).
19
What is -8 - ((-10 + (15 - 3) - 52) + 9)?
33
What is -1 + -4 + 21 + 1 - 6 - 3?
8
Calculate 1 + (-8 - (77 - 84 - (-1 - -2))).
1
What is -245 + 267 + -8 + 2?
16
What is the value of 0 + (-16 - -7 - -6) - (-3 - -12)?
-12
What is (9 - (17 + -6)) + -2?
-4
Evaluate 10 + (7 + 5 - 23) + -13.
-14
(-36 - -46) + 4 + 1 - 5
10
Calculate 6 - ((-4 - -4) + (8 - 13)).
11
Evaluate (-9 - 0 - 2) + -3662 + 3635.
-38
What is -3 - -3 - (-11 - -4)?
7
What is -16 - (-2 + (23 + -23 - (-1 + -6)))?
-21
What is the value of -31 - ((-2 - -22) + -43)?
-8
Evaluate 5 - 19 - -2 - -25.
13
What is the value of 0 + -10 + 8 - (-9 + 30)?
-23
Calculate 39 + -6 + (-7 - 4).
22
What is 1 - (3 + (3 + 1 - (-25 + 30)))?
-1
Calculate -1 + (8 + (0 - 5) - -3) - -2.
7
(-10 + 3 + 7 - -8) + -7
1
(-6 - -4) + -11 + 10
-3
What is (-12 - 10) + 21 + -6?
-7
Evaluate 0 + 2 - (-9 + 0) - (847 - 852).
16
Evaluate -20 + 2 + 6 + -1 + -6 + 0.
-19
What is the value of 4 + (-7 - 3 - (-11 - -10))?
-5
What is the value of (-39 + -7 - -31) + 27?
12
Evaluate 6 + 2 + (-6 - 8 - -11).
5
What is the value of -8 - ((5 - (11 + -18)) + -26)?
6
Calculate -11 + -8 + 11 + -1.
-9
5 + (1 + 2 - 10) + (13 - 10)
1
What is the value of (-2 - 2 - ((-2 - 1) + 1)) + -6?
-8
What is the value of (-3 + 7 - (31 + -19)) + 1 + 4?
-3
Calculate (6 - -1) + -5 + -21 + 23.
4
What is the value of 936 + -962 - (2 + -42)?
14
Evaluate 23 + 0 + -14 - -5.
14
Calculate 3 + -13 + 16 + 2.
8
Calculate -1 + (9 + -16 - (-1 - 1) - -7).
1
What is -9 - (-8 + 6) - -3 - 1?
-5
What is (6 - (11 - 13)) + -11 + 2?
-1
Evaluate 2 - -1 - (-25 - -15 - -15).
-2
What is (-13 - 2) + 0 + (375 - 334)?
26
-6 - (13 + -1 + 0 + 198 + -180)
-36
10 + (-2 + (-8 - 9) - 2)
-11
What is 8 + (10 - (0 - (7 - 16)))?
9
What is 3 + -3 + -17 + -145 + 148?
-14
What is the value of (0 + 4 - (2 - 4)) + (-1503 - -1482)?
-15
What is the value of (15 - 2) + -54 + 40?
-1
Evaluate 6 - (11 + 0 + 6 + 11 + -10).
-12
What is 17 - (20 + -4 + 5)?
-4
(6 - -13) + 4 + -15 + -30
-22
What is the value of 2 + 5 + -7 + -20 - (11 - 12)?
-19
Calculate 3 + 11 + 31 + -42.
3
Calculate (-92 - -57) + -8 + 14.
-29
What is 1 - (-2 + 6 - -3) - -10?
4
Evaluate 19 + -12 - (1 + -3 + 0 - 1).
10
Evaluate (-2 - (13 + -17)) + -23.
-21
Calculate -65 - -53 - (0 + -21).
9
(17 - (37 + -4)) + 4
-12
What is (-21 - -13) + -9 + 10 - -25?
18
20 + 11 + 3 + -28 - -5
11
(-3 - -3) + -3 + (-62 + 30 - -29)
-6
What is the value of -7 + 0 + 28 - 10?
11
(4 - 32) + 11 + 36
19
10 + 1 - (-5 - -16 - 8)
8
Calculate (173 - 178) + -4 + (3 - 0) + -30.
-36
Calculate 230 - 246 - (1 + -5).
-12
What is the value of -27 - (3 + -26) - (2 - (2 - -16))?
12
(7 - 22) + 4 + (48 - 14)
23
What is the value of 2 + (-7 + 3 - (-4 - -3))?
-1
(-13 - -7) + -5 - 3
-14
Calculate 0 + (6 - 10) + 51 + -55.
-8
Calculate -15 - -41 - (-2 + -4 + (-7 - -9)).
30
What is the value of 1 + 3 + -5 - (-3 - (5 - -2))?
9
What is the value of -35 + 2 + 33 + -17 - -13?
-4
1 + 20 + -1 - 19
1
Calculate 13 + (63 - 27) + (-16 - 3).
30
-2 - 12 - (-19 - (25 + -47))
-17
14 + -3 - 1 - (-51 - -50)
11
Evaluate 17 - (-1 + 0 + (39 - 33)).
12
Calculate 34 + -41 + -2 + -5.
-14
What is 21 - (-13 + 21 + 5)?
8
8 + -10 + 5 - 4
-1
What is the value of -29 - (10 - (10 + -2 + (8 - 8)))?
-31
What is 1 + 1 + (-4 - 7 - -17) + -5?
3
Calculate -29 + (17 - 45) + 48.
-9
What is -39 + 29 - (-17 - 1)?
8
Evaluate 2 - -10 - (-28 + 66) - -8.
-18
What is (20 - 30) + -12 - 5?
-27
What is the value of 289 + -288 - (2 + 19)?
-20
What is the value of ((3 - (3 + 15)) + 2 - -5) + -3?
-11
Calculate (-2 - -2) + (-7 + 4 - (0 - 1)).
-2
What is 8 + 2 + 0 + -16 + (82 - 65)?
11
What is the value of 3 + 3 + -18 - (-11 + (-13 - -16))?
-4
What is 7 + -2 + -2 + 8 + (-2 - 4)?
5
Evaluate (8 - 11) + 16 + -28.
-15
0 + (10 - (-1 + 1)) - (-716 - -745)
-19
(10 - 8) + 12 - (3 + -1)
12
What is the value of -15 + 1 + (-100 - -51) + 82?
19
Calculate (14 - -1) + (-17 - (-6 - 10)).
14
What is 17 + 11 + -49 - -10?
-11
What is (-4 - -3 - -11) + (-5 - -11)?
16
What is (-15 - -16) + 13 - 1 - 2?
11
What is (348 - 351 - (0 - 1)) + -2 + -1?
-5
Evaluate -49 - (-39 + 7 + 11).
-28
7 - ((-1 - (-13 + 2) - 4) + 32)
-31
Calculate 1 + -11 + -10 + -4.
-24
What is -4 + (9 - 2) + (2 - 1) - 1?
3
Calculate (16 - -2) + (-14 - -25 - 3 - 12).
14
21 - 0 - ((102 - 64) + -26)
9
What is 14 - (-12 - -7) - 17?
2
Calculate -1 + 1 + -6 + (33 - -8 - 41).
-6
Evaluate (-9 - -13) + (23 - 6) + -2 + 1.
20
What is (17 - 10) + 1 + -8 + 7?
7
What is -11 + 4 - (16 + (-5 - 4))?
-14
What is 164 + -163 - (-1 + 0 - -3) - -12?
11
What is 25 - (2 + 35 + -26 + -2 + -2)?
18
What is the value of (8 - (2 - -1)) + 3 - 7 - -2?
3
Evaluate -3 + -4 + 7 + 1 + -7.
-6
35 + -62 + 30 + -8
-5
-725 - -729 - (-1 + 28 + 0 - 1)
-22
Calculate 2 + -14 + 3 + 11.
2
20 - (-11 + 3 + 20)
8
Calculate (-13 - -6) + 16 + (-1 + 4 - -1).
13
Evaluate (-25 - -13) + 19 - 14.
-7
What is -2 + -2 + -10 + (813 - 811)?
-12
What is the value of -1 + -7 + -5 + (-2 - 2 - -8)?
-9
What is 0 - (6 + 4 - (10 + 6 + 8))?
14
-21 - -12 - (-5 - (3 - 3)) - 13
-17
Evaluate -11 + 12 + 17 + -11 + 5.
12
(8 - 13 - -15) + -56 + 18
-28
(-1 - 19 - 2) + 2
-20
Evaluate 2 + -12 + 5 - (-8 - (11 - 6)).
8
What is 7 + 5 + -10 + 2?
4
What is -1 - -3 - -22 - (155 + -159)?
28
What is the value of 8 + (6 - ((35 - 36) + (7 - 0)))?
8
Calculate (-2 - -15 - 17) + 4.
0
5 + -1 + 4 + 2
10
What is the value of (99 - 93) + (2 + 0 + -3 - 19)?
-14
(0 - -6) + (5 - (13 - (21 - 3)))
16
Evaluate 15 + -11 - (-8 + 2 + -4).
14
What is the value of (-1 - 7 - -9) + 5 - (0 + -2)?
8
51 + -4 - (19 - (-12 - -13))
29
What is the value of (-14 - -33) + (-22 - 14)?
-17
(3 - 9) + (47 - 49) - (-14 - 0)
6
Calculate 3 - (-6 + 3 + -8 + 2).
12
What is the value of (-60 - -56) + (-1 - 1) + 24?
18
14 - (7 + 4 + -23)
26
What is the value of -8 + 4 - -12 - (-35 - -15 - -11)?
17
Evaluate -42 + 31 - (-29 - (-3 - 1)).
14
21 - 2 - (860 - 861)
20
What is (1 - 9) + 4 - 1 - (-69 + 41)?
23
What is the value of (-37 - -45) + (-3 - -7) + -5?
7
What is 59 - (-26 - -72) - (-7 + (2 - 0))?
18
Calculate 10 - (-10 + 12 + 3 + -1) - 4.
2
(10 - 9 - 8) + (-31 - -15)
-23
Calculate 0 + -24 + (19 - 46) + 36.
-15
C